35 = 0, -5*k + 4*r = -r - 360. Calculate the remainder when k is divided by 28.
19
Suppose -2*j = 3*p - 673, 10*j = -p + 8*j + 227. Calculate the remainder when p is divided by 45.
43
Let k = 17 + 84. Let i = k + -56. What is the remainder when i is divided by 13?
6
Calculate the remainder when 152 is divided by 10*(-13)/6*(-2205)/1225.
35
What is the remainder when ((-1)/(0 + -2))/((-16)/(-7264)) is divided by 21?
17
Let d(v) be the first derivative of 3*v**2/2 - 18*v - 14. Calculate the remainder when 45 is divided by d(8).
3
Suppose -10*b + 6*b - 3*x + 1177 = 0, x - 884 = -3*b. What is the remainder when b is divided by 13?
9
Let o(a) = -92*a + 12. Let v(l) = 31*l - 4. Let z(n) = -3*o(n) - 8*v(n). Let j be (-4)/(-10)*(-3)/((-33)/55). What is the remainder when z(j) is divided by 11?
8
Suppose -5*k - 153 = -2*i + 72, -5*i = -2*k - 552. Calculate the remainder when i is divided by 57.
53
Suppose -41*l + 44*l - 33 = 0. What is the remainder when l is divided by 3?
2
Suppose -5*b + 3 - 1 = -m, 24 = 2*m + 4*b. Suppose 4*f - r - 2*r = 147, 2*r = -2*f + 84. What is the remainder when f is divided by m?
7
Let h = -31 - -38. Suppose -5*q - 3*u = -0*u + 37, 0 = 4*q - 2*u + 12. Let i = q + 32. What is the remainder when i is divided by h?
6
Let z(t) = t**3 - 6*t**2 - 13*t + 24. What is the remainder when z(8) is divided by 14?
6
Suppose 0 = -3*j - 12 + 144. Let k = -41 + j. What is the remainder when 17 is divided by k?
2
Suppose 5*n = 27 + 73. What is the remainder when 137 is divided by n?
17
Suppose -9 = -9*o + 45. Let j = -14 + 7. Let v(t) = -t**2 - 6*t + 9. Calculate the remainder when o is divided by v(j).
0
Suppose -61 = -7*r - 5. Suppose 304 + 352 = r*p. Calculate the remainder when p is divided by 28.
26
Suppose -307 = -g - 4*h, -5*h = -2*g + 171 + 508. Calculate the remainder when g is divided by 30.
27
Calculate the remainder when 122 is divided by (-2 - -3 - 16)*(-99)/27.
12
Let l = 50 - 65. Let v(o) = -o**2 - 11*o + 68. What is the remainder when 14 is divided by v(l)?
6
Let x be ((-3)/(-6))/(1/(-24)). Suppose 147*n - 142*n = -2*u + 51, 0 = 2*n + 5*u - 12. Calculate the remainder when n is divided by (x/10)/((-9)/30).
3
Let a = -1 - -11. Suppose -11*r + 98 = 10. What is the remainder when (152/(-10))/(r/(-20)) is divided by a?
8
Suppose 5*t + 3*n + 43 = -20, -4*n + 16 = 0. Let r = 38 + t. Calculate the remainder when r is divided by 13.
10
Let b(l) = l**3 + 8*l**2 + 5*l - 4. Suppose 2*x = -4*d + 358, -3*x + 177 = -2*x + 3*d. Calculate the remainder when x is divided by b(-5).
45
Suppose -y - y = w - 69, 2 = 2*y. What is the remainder when w is divided by 36?
31
Let m = 75 - 64. Calculate the remainder when 51 is divided by m.
7
Suppose -5*x + 948 = x. Suppose 4*a + 2*d - x = 2*a, d + 241 = 3*a. What is the remainder when a is divided by 22?
14
Let t(g) = 13*g**2 - 14*g - 13. Let x(s) = -6*s**2 + 7*s + 6. Let p(z) = -3*t(z) - 7*x(z). Calculate the remainder when p(5) is divided by 20.
17
Let v = -1376 - -1424. Calculate the remainder when 183 is divided by v.
39
Let f be -3*(-3 + 141/9). Let d = 91 + f. Let h = -38 - -52. Calculate the remainder when d is divided by h.
11
Suppose 2*m = -3*m + 3*n + 285, n - 5 = 0. Suppose 0 = -2*x + 2 + 4. Let p = x + 18. Calculate the remainder when m is divided by p.
18
Suppose 21*o - 1224 = -13*o. What is the remainder when 103 is divided by o?
31
Suppose 11*n - 46 = 13*n. Let g(o) = 29*o**2 - o. Let p be g(-1). Let i = n + p. Calculate the remainder when 27 is divided by i.
6
Let d = -98 - -137. Let s(b) = 10*b + 32. Let c(t) = -5*t - 16. Let z(n) = -5*c(n) - 3*s(n). Calculate the remainder when d is divided by z(-6).
11
Suppose -109 = b + 5*g - 26, 4*b = g - 248. Let x = b + 94. What is the remainder when x is divided by 17?
14
Let b = 182 - -9. Suppose 3*l - b = -53. Calculate the remainder when l is divided by 19.
8
Let f = -83 + 85. Suppose 59 = f*o - 15. What is the remainder when 147 is divided by o?
36
Suppose 9*t = -7*t + 2416. Calculate the remainder when t is divided by 41.
28
Let k = -8 - 4. Let u(g) = -g**2 - 13*g - 7. Let d be u(k). Suppose 26 = d*z + 1. Calculate the remainder when 12 is divided by z.
2
Let c be (5 - -3)/4*2. Suppose c*q - 12 = -0. Suppose -q*i = -12, 0*s - s + 4*i - 2 = 0. Calculate the remainder when s is divided by 6.
2
Let w(t) = -t**3 - 4*t**2 + 16*t - 8. Suppose -3*g = -7*g + 16. Calculate the remainder when w(-7) is divided by g.
3
Suppose -36 = 7*v - 11*v. Let i be 63 + (4 - (3 - 2)). Suppose -q + 3*q = i. Calculate the remainder when q is divided by v.
6
Calculate the remainder when 38 is divided by 44/3 + (-6)/9.
10
Suppose -2*w + 5*v + 135 = 0, 0 = 5*v + 8 - 3. Suppose -4*n = -j + 27, -4*j - n + 26 = -w. Calculate the remainder when 43 is divided by j.
20
Let z = -1636 + 1846. Calculate the remainder when z is divided by 30.
0
Suppose -125*h + 49 = -124*h. Suppose -35 = 3*p - 6*p - 5*v, 15 = 2*p - 5*v. What is the remainder when h is divided by p?
9
Suppose -3*g + r + 431 = 0, -18*r = 5*g - 23*r - 735. What is the remainder when g is divided by 16?
14
What is the remainder when (228/266)/(2/168) is divided by 33?
6
Suppose 18*w - 10*w = 104. What is the remainder when 89 is divided by w?
11
Let z(c) = -c + 3. What is the remainder when (-66)/(-4 - -2) + 0 is divided by z(-6)?
6
Suppose -v = -3*h + 67, 5*v - 32 = 5*h - 137. Let p(y) = 28 - 35 + 28*y - 5*y + 2*y. Calculate the remainder when p(3) is divided by h.
22
Suppose -13 = 4*z + 7. Let f be (-18)/z + (-12)/(-30). Suppose -h + 6 + 108 = 5*y, 0 = 3*y + f*h - 65. What is the remainder when 68 is divided by y?
22
Let k = 1179 + -567. Calculate the remainder when k is divided by 77.
73
Let j be ((-20)/6)/((-2)/84). Let a = j - 46. Calculate the remainder when a is divided by (-2 + 50)/(18/12).
30
Let x be -1 + 0 + 2 + 1. Suppose a + a = -3*t + 32, -x*t + 4 = -3*a. What is the remainder when 15 is divided by t?
7
Let w = 5 - 2. Calculate the remainder when w - 2/(-2 + 4) is divided by 2.
0
Suppose c = 4*w + 31, 2*c - 4*c + 3*w + 52 = 0. Let q = -4 - -17. Calculate the remainder when c is divided by q.
10
Let k(w) = -7*w**3 + 2*w**2 + 2*w. Let h be k(-2). Suppose h = f + 4*f. What is the remainder when f is divided by (-3)/((-9)/21 - 0)?
5
Let x be 0/(-1 - (0 + 3)). Suppose -17*s + 22*s - 140 = x. What is the remainder when s is divided by 10?
8
Suppose -3*x - 64 = x. Let j be (-20)/3*24/x. Suppose -2*m + 10 = -j. Calculate the remainder when 29 is divided by m.
9
Let m be 4/18 + (-4960)/45. Let d be -4*(3 - m/(-8)). Let u = 87 - d. Calculate the remainder when u is divided by 12.
8
Calculate the remainder when ((-740)/(-30))/((-7)/(-6) + -1) is divided by 51.
46
Let h = -52 + 40. Calculate the remainder when 93 is divided by 48*(16/h)/(-2).
29
Suppose -5*q + 20 = -0*q. Suppose q*x - 18 = 10. Calculate the remainder when 11 is divided by x.
4
Let h(n) be the second derivative of 7*n**3/6 - 63*n**2/2 + 34*n. Calculate the remainder when 18 is divided by h(10).
4
Suppose 86 = t - 4*c - 40, -5*c + 162 = t. Suppose 2*h - 2 = 0, 5*o + 4*h - 55 = 39. Calculate the remainder when t is divided by o.
16
Suppose 276 = -3*b - 2*h + h, 0 = -4*h. Let m = b - -184. Calculate the remainder when m is divided by 16.
12
Suppose -2*v + 9 = -23. Suppose 5*g - 97 - 218 = 0. What is the remainder when g is divided by v?
15
Suppose -5*z - 813*w + 51 = -812*w, 0 = -5*w + 5. What is the remainder when (-2)/(-6) - 98/(-3) is divided by z?
3
Let x(n) = -30*n - 91. Calculate the remainder when 172 is divided by x(-4).
27
Let q(i) = 4*i**2 - 127*i + 75. What is the remainder when q(32) is divided by 44?
19
Let y = -3 + 16. Suppose x - y - 1 = 0. Calculate the remainder when (-5)/(2 - 17/8) is divided by x.
12
Let g = 947 + -916. Calculate the remainder when 215 is divided by g.
29
Let n(s) = -s**2 - 6*s + 5. Let f be n(-7). Let b = f - -4. Suppose -3*j + 82 = t, -3*t = j - b*t - 28. Calculate the remainder when 53 is divided by j.
26
Let q(k) be the first derivative of -61*k**4/2 + k**3/3 + k**2 + k - 2. What is the remainder when q(-1) is divided by 5?
2
Suppose 593 = 2*u - 5*m, 590 = 2*u + 2*m - 6*m. What is the remainder when u is divided by 74?
67
Let d(q) = -q**3 - 21*q**2 + 22*q + 64. Calculate the remainder when 127 is divided by